{"id":300,"date":"2020-01-20T19:41:47","date_gmt":"2020-01-20T18:41:47","guid":{"rendered":"https:\/\/wagner-gestionprivee.fr\/?page_id=300"},"modified":"2026-03-27T12:40:48","modified_gmt":"2026-03-27T11:40:48","slug":"le-cabinet","status":"publish","type":"page","link":"https:\/\/wagner-gestionprivee.fr\/?page_id=300","title":{"rendered":"Le Cabinet"},"content":{"rendered":"\n<div class=\"wp-block-hervin-gutenberg-container row_padding_top row_padding_bottom center full dark-content\" style=\"background-color:transparent;text-align:left\">\n<div class=\"wp-block-hervin-gutenberg-container medium\" style=\"background-color:transparent;text-align:left\">\n<div class=\"wp-block-columns is-layout-flex wp-container-core-columns-is-layout-9d6595d7 wp-block-columns-is-layout-flex\">\n<div class=\"wp-block-column is-layout-flow wp-block-column-is-layout-flow\">\n<h4 class=\"has-text-align-left wp-block-heading\">Nous avons vocation \u00e0 vous accompagner dans la r\u00e9alisation de vos objectifs, au travers d\u2019une d\u00e9marche globale, personnalis\u00e9e et suivie, fond\u00e9e sur la confiance et le respect.<\/h4>\n<\/div>\n\n\n\n<div class=\"wp-block-column is-vertically-aligned-top is-layout-flow wp-block-column-is-layout-flow\">\n<h4 class=\"wp-block-heading\">Nous travaillons en \u00e9troite collaboration avec vos conseils habituels (experts-comptables, notaires, avoc<strong>ats\u2026).<em> <\/em><\/strong><\/h4>\n\n\n\n<p><\/p>\n<\/div>\n<\/div>\n\n\n\n<div class=\"wp-block-hervin-gutenberg-container\" style=\"background-color:transparent;text-align:left\">\n<h4 class=\"has-very-dark-gray-color has-text-color wp-block-heading\">Afin de vous offrir un accompagnement serein sur le long terme, <br>nous privil\u00e9gions une continuit\u00e9 dans la relation.<\/h4>\n\n\n\n<div class=\"button-box has-animation\" data-delay=\"100\"><div class=\"clapat-button-wrap parallax-wrap hide-ball\"><a class=\"clapat-button parallax-element ajax-link animation-link\" href=\"\/notre-metier\" data-type=\"page-transition\" target=\"_self\"><div class=\"button-border parallax-element-second rounded\"><span data-hover=\"Notre m\u00e9tier\">Notre m\u00e9tier<\/span><\/div><\/a><\/div><\/div>\n<\/div>\n<\/div>\n<\/div>\n\n\n\n<div class=\"wp-block-hervin-gutenberg-container full has-animation has-parallax\" style=\"background-color:transparent;text-align:left\">\n<figure class=\"wp-block-image size-large has-animation has-parallax image-is-align-top\"><img loading=\"lazy\" decoding=\"async\" width=\"1024\" height=\"901\" src=\"https:\/\/wagner-gestionprivee.fr\/wp-content\/uploads\/2024\/02\/modifi\u00e9-sans-s\u00e9verin-1024x901.png\" alt=\"\" class=\"wp-image-1560\" srcset=\"https:\/\/wagner-gestionprivee.fr\/wp-content\/uploads\/2024\/02\/modifi\u00e9-sans-s\u00e9verin-1024x901.png 1024w, https:\/\/wagner-gestionprivee.fr\/wp-content\/uploads\/2024\/02\/modifi\u00e9-sans-s\u00e9verin-300x264.png 300w, https:\/\/wagner-gestionprivee.fr\/wp-content\/uploads\/2024\/02\/modifi\u00e9-sans-s\u00e9verin-768x675.png 768w, https:\/\/wagner-gestionprivee.fr\/wp-content\/uploads\/2024\/02\/modifi\u00e9-sans-s\u00e9verin.png 1078w\" sizes=\"auto, (max-width: 1024px) 100vw, 1024px\" \/><\/figure>\n<\/div>\n\n\n\n<div style=\"height:100px\" aria-hidden=\"true\" class=\"wp-block-spacer\"><\/div>\n\n\n\n<h2 class=\"has-text-align-center has-highlight-mark wp-block-heading\" id=\"equipe\">Notre \u00e9quipe<\/h2>\n\n\n\n<div style=\"height:40px\" aria-hidden=\"true\" class=\"wp-block-spacer\"><\/div>\n\n\n\n<div class=\"wp-block-columns is-layout-flex wp-container-core-columns-is-layout-9d6595d7 wp-block-columns-is-layout-flex\">\n<div class=\"wp-block-column is-layout-flow wp-block-column-is-layout-flow\">\n<figure class=\"wp-block-image size-large has-parallax is-align-top\"><img loading=\"lazy\" decoding=\"async\" width=\"683\" height=\"1024\" src=\"https:\/\/wagner-gestionprivee.fr\/wp-content\/uploads\/2026\/03\/DSCF0661-683x1024.jpg\" alt=\"\" class=\"wp-image-16917\" srcset=\"https:\/\/wagner-gestionprivee.fr\/wp-content\/uploads\/2026\/03\/DSCF0661-683x1024.jpg 683w, https:\/\/wagner-gestionprivee.fr\/wp-content\/uploads\/2026\/03\/DSCF0661-200x300.jpg 200w, https:\/\/wagner-gestionprivee.fr\/wp-content\/uploads\/2026\/03\/DSCF0661-768x1152.jpg 768w, https:\/\/wagner-gestionprivee.fr\/wp-content\/uploads\/2026\/03\/DSCF0661-1024x1536.jpg 1024w, https:\/\/wagner-gestionprivee.fr\/wp-content\/uploads\/2026\/03\/DSCF0661-1365x2048.jpg 1365w, https:\/\/wagner-gestionprivee.fr\/wp-content\/uploads\/2026\/03\/DSCF0661-scaled.jpg 1707w\" sizes=\"auto, (max-width: 683px) 100vw, 683px\" \/><\/figure>\n<\/div>\n\n\n\n<div class=\"wp-block-column is-layout-flow wp-block-column-is-layout-flow\">\n<h3 class=\"has-underline-light wp-block-heading\">Jacques MARECHAL<\/h3>\n\n\n\n<p><strong>Associ\u00e9<\/strong><br><strong>Conseil en Strat\u00e9gie Patrimoniale<\/strong><\/p>\n\n\n\n<div class=\"profil-linkedin-button\">\n\t<div class=\"icon-wrap parallax-wrap\">\n\t\t<a href=\"https:\/\/www.linkedin.com\/in\/jacques-marechal-315877118\/\" target=\"_blank\" class=\"button-icon parallax-element\" rel=\"noopener noreferrer\">\n\t\t\t<svg class=\"parallax-element\" width=\"24\" height=\"24\" viewBox=\"0 0 24 24\" fill=\"#fff\"><path d=\"M4.98 3.5c0 1.381-1.11 2.5-2.48 2.5s-2.48-1.119-2.48-2.5c0-1.38 1.11-2.5 2.48-2.5s2.48 1.12 2.48 2.5zm.02 4.5h-5v16h5v-16zm7.982 0h-4.968v16h4.969v-8.399c0-4.67 6.029-5.052 6.029 0v8.399h4.988v-10.131c0-7.88-8.922-7.593-11.018-3.714v-2.155z\"><\/path><\/svg>\n\t\t<\/a>\n\t<\/div>\n<\/div>\n\n\n\n<p><em>Executive Master Patrimoine Professionnel et Gestion Priv\u00e9e (Universit\u00e9 Paris Dauphine)<br>Dipl\u00f4me d\u2019Expertise-comptable  <\/em><br>15 ans d\u2019exp\u00e9rience en expertise-comptable &amp; 11 ans en qualit\u00e9 de conseiller financier.<\/p>\n<\/div>\n\n\n\n<div class=\"wp-block-column is-layout-flow wp-block-column-is-layout-flow\">\n<figure class=\"wp-block-image size-large has-parallax is-align-top\"><img loading=\"lazy\" decoding=\"async\" width=\"683\" height=\"1024\" src=\"https:\/\/wagner-gestionprivee.fr\/wp-content\/uploads\/2026\/03\/Gianny-vertical-683x1024.jpg\" alt=\"\" class=\"wp-image-16915\" srcset=\"https:\/\/wagner-gestionprivee.fr\/wp-content\/uploads\/2026\/03\/Gianny-vertical-683x1024.jpg 683w, https:\/\/wagner-gestionprivee.fr\/wp-content\/uploads\/2026\/03\/Gianny-vertical-200x300.jpg 200w, https:\/\/wagner-gestionprivee.fr\/wp-content\/uploads\/2026\/03\/Gianny-vertical-768x1152.jpg 768w, https:\/\/wagner-gestionprivee.fr\/wp-content\/uploads\/2026\/03\/Gianny-vertical-1024x1536.jpg 1024w, https:\/\/wagner-gestionprivee.fr\/wp-content\/uploads\/2026\/03\/Gianny-vertical-1365x2048.jpg 1365w, https:\/\/wagner-gestionprivee.fr\/wp-content\/uploads\/2026\/03\/Gianny-vertical-scaled.jpg 1707w\" sizes=\"auto, (max-width: 683px) 100vw, 683px\" \/><\/figure>\n\n\n\n<figure class=\"wp-block-gallery columns-0 is-cropped wp-block-gallery-1 is-layout-flex wp-block-gallery-is-layout-flex\"><ul class=\"blocks-gallery-grid\"><\/ul><\/figure>\n<\/div>\n\n\n\n<div class=\"wp-block-column is-layout-flow wp-block-column-is-layout-flow\">\n<h3 class=\"has-underline-light wp-block-heading\">Gianny             CACHOD<\/h3>\n\n\n\n<p><strong>Associ\u00e9<\/strong><br><strong>Conseil en Strat\u00e9gie Patrimoniale<\/strong><\/p>\n\n\n\n<div class=\"profil-linkedin-button\">\n\t<div class=\"icon-wrap parallax-wrap\">\n\t\t<a href=\"https:\/\/www.linkedin.com\/in\/gianny-cachod-83b27284\/\" target=\"_blank\" class=\"button-icon parallax-element\" rel=\"noopener noreferrer\">\n\t\t\t<svg class=\"parallax-element\" width=\"24\" height=\"24\" viewBox=\"0 0 24 24\" fill=\"#fff\"><path d=\"M4.98 3.5c0 1.381-1.11 2.5-2.48 2.5s-2.48-1.119-2.48-2.5c0-1.38 1.11-2.5 2.48-2.5s2.48 1.12 2.48 2.5zm.02 4.5h-5v16h5v-16zm7.982 0h-4.968v16h4.969v-8.399c0-4.67 6.029-5.052 6.029 0v8.399h4.988v-10.131c0-7.88-8.922-7.593-11.018-3.714v-2.155z\"><\/path><\/svg>\n\t\t<\/a>\n\t<\/div>\n<\/div>\n\n\n\n<div class=\"wp-block-group\"><div class=\"wp-block-group__inner-container is-layout-flow wp-block-group-is-layout-flow\">\n<p><em>DU  II Gestion de Patrimoine (Universit\u00e9 d\u2019Auvergne)<br>D.U.  Ing\u00e9nierie Patrimoniale du Chef d\u2019Entreprise (AUREP)<\/em><br>20 ans d\u2019exp\u00e9rience dans le domaine bancaire et de la gestion de patrimoine.<\/p>\n\n\n\n<div class=\"wp-block-group is-layout-flow wp-block-group-is-layout-flow\"><div class=\"wp-block-group__inner-container\"><\/div><\/div>\n<\/div><\/div>\n\n\n\n<p><\/p>\n<\/div>\n<\/div>\n\n\n\n<div class=\"wp-block-columns reverse-order is-layout-flex wp-container-core-columns-is-layout-9d6595d7 wp-block-columns-is-layout-flex\">\n<div class=\"wp-block-column is-layout-flow wp-block-column-is-layout-flow\">\n<h3 class=\"has-text-align-right has-underline-light is-right wp-block-heading\">Simon TOURNIER<\/h3>\n\n\n\n<p class=\"has-text-align-right\"><br><strong>Conseil en Strat\u00e9gie Patrimoniale<\/strong><\/p>\n\n\n\n<div class=\"profil-linkedin-button\">\n\t<div class=\"icon-wrap parallax-wrap\">\n\t\t<a href=\"https:\/\/www.linkedin.com\/in\/simon-tournier-4567b8142\/\" target=\"_blank\" class=\"button-icon parallax-element\" rel=\"noopener noreferrer\">\n\t\t\t<svg class=\"parallax-element\" width=\"24\" height=\"24\" viewBox=\"0 0 24 24\" fill=\"#fff\"><path d=\"M4.98 3.5c0 1.381-1.11 2.5-2.48 2.5s-2.48-1.119-2.48-2.5c0-1.38 1.11-2.5 2.48-2.5s2.48 1.12 2.48 2.5zm.02 4.5h-5v16h5v-16zm7.982 0h-4.968v16h4.969v-8.399c0-4.67 6.029-5.052 6.029 0v8.399h4.988v-10.131c0-7.88-8.922-7.593-11.018-3.714v-2.155z\"><\/path><\/svg>\n\t\t<\/a>\n\t<\/div>\n<\/div>\n\n\n\n<p class=\"has-text-align-right\"><em>D.U. de 3\u00e8me cycle en conseil patrimonial  (AUREP)<\/em> <br>10 ans d\u2019exp\u00e9rience dans le domaine bancaire et 2  ans en gestion de patrimoine<\/p>\n<\/div>\n\n\n\n<div class=\"wp-block-column is-layout-flow wp-block-column-is-layout-flow\">\n<figure class=\"wp-block-image size-large has-parallax is-align-top\"><img loading=\"lazy\" decoding=\"async\" width=\"683\" height=\"1024\" src=\"https:\/\/wagner-gestionprivee.fr\/wp-content\/uploads\/2026\/03\/simon-vertical-683x1024.jpg\" alt=\"\" class=\"wp-image-16918\" srcset=\"https:\/\/wagner-gestionprivee.fr\/wp-content\/uploads\/2026\/03\/simon-vertical-683x1024.jpg 683w, https:\/\/wagner-gestionprivee.fr\/wp-content\/uploads\/2026\/03\/simon-vertical-200x300.jpg 200w, https:\/\/wagner-gestionprivee.fr\/wp-content\/uploads\/2026\/03\/simon-vertical-768x1152.jpg 768w, https:\/\/wagner-gestionprivee.fr\/wp-content\/uploads\/2026\/03\/simon-vertical-1024x1536.jpg 1024w, https:\/\/wagner-gestionprivee.fr\/wp-content\/uploads\/2026\/03\/simon-vertical-1365x2048.jpg 1365w, https:\/\/wagner-gestionprivee.fr\/wp-content\/uploads\/2026\/03\/simon-vertical-scaled.jpg 1707w\" sizes=\"auto, (max-width: 683px) 100vw, 683px\" \/><\/figure>\n<\/div>\n\n\n\n<div class=\"wp-block-column is-layout-flow wp-block-column-is-layout-flow\">\n<figure class=\"wp-block-image size-large\"><img loading=\"lazy\" decoding=\"async\" width=\"683\" height=\"1024\" src=\"https:\/\/wagner-gestionprivee.fr\/wp-content\/uploads\/2026\/03\/Baptiste-vertical-683x1024.jpg\" alt=\"\" class=\"wp-image-16919\" srcset=\"https:\/\/wagner-gestionprivee.fr\/wp-content\/uploads\/2026\/03\/Baptiste-vertical-683x1024.jpg 683w, https:\/\/wagner-gestionprivee.fr\/wp-content\/uploads\/2026\/03\/Baptiste-vertical-200x300.jpg 200w, https:\/\/wagner-gestionprivee.fr\/wp-content\/uploads\/2026\/03\/Baptiste-vertical-768x1152.jpg 768w, https:\/\/wagner-gestionprivee.fr\/wp-content\/uploads\/2026\/03\/Baptiste-vertical-1024x1536.jpg 1024w, https:\/\/wagner-gestionprivee.fr\/wp-content\/uploads\/2026\/03\/Baptiste-vertical-1365x2048.jpg 1365w, https:\/\/wagner-gestionprivee.fr\/wp-content\/uploads\/2026\/03\/Baptiste-vertical-scaled.jpg 1707w\" sizes=\"auto, (max-width: 683px) 100vw, 683px\" \/><\/figure>\n\n\n\n<p><\/p>\n<\/div>\n\n\n\n<div class=\"wp-block-column is-layout-flow wp-block-column-is-layout-flow\">\n<h3 class=\"has-underline-light wp-block-heading\">Baptiste TOURNIER<\/h3>\n\n\n\n<p><strong>Conseil en Strat\u00e9gie Patrimoniale<\/strong><\/p>\n\n\n\n<div class=\"profil-linkedin-button\">\n\t<div class=\"icon-wrap parallax-wrap\">\n\t\t<a href=\"https:\/\/www.linkedin.com\/in\/baptsite-tournier-38455b253\/\" target=\"_blank\" class=\"button-icon parallax-element\" rel=\"noopener noreferrer\">\n\t\t\t<svg class=\"parallax-element\" width=\"24\" height=\"24\" viewBox=\"0 0 24 24\" fill=\"#fff\"><path d=\"M4.98 3.5c0 1.381-1.11 2.5-2.48 2.5s-2.48-1.119-2.48-2.5c0-1.38 1.11-2.5 2.48-2.5s2.48 1.12 2.48 2.5zm.02 4.5h-5v16h5v-16zm7.982 0h-4.968v16h4.969v-8.399c0-4.67 6.029-5.052 6.029 0v8.399h4.988v-10.131c0-7.88-8.922-7.593-11.018-3.714v-2.155z\"><\/path><\/svg>\n\t\t<\/a>\n\t<\/div>\n<\/div>\n\n\n\n<p>Master en gestion de patrimoine IAE LYON<\/p>\n\n\n\n<p>3 ans d&rsquo;exp\u00e9rience en gestion patrimoniale.<\/p>\n<\/div>\n<\/div>\n\n\n\n<div class=\"wp-block-group\"><div class=\"wp-block-group__inner-container is-layout-flow wp-block-group-is-layout-flow\">\n<div class=\"wp-block-columns is-layout-flex wp-container-core-columns-is-layout-9d6595d7 wp-block-columns-is-layout-flex\">\n<div class=\"wp-block-column is-layout-flow wp-block-column-is-layout-flow\">\n<p><\/p>\n<\/div>\n\n\n\n<div class=\"wp-block-column is-layout-flow wp-block-column-is-layout-flow\">\n<figure class=\"wp-block-gallery columns-1 is-cropped wp-block-gallery-2 is-layout-flex wp-block-gallery-is-layout-flex\"><ul class=\"blocks-gallery-grid\"><li class=\"blocks-gallery-item\"><figure><img loading=\"lazy\" decoding=\"async\" width=\"683\" height=\"1024\" src=\"https:\/\/wagner-gestionprivee.fr\/wp-content\/uploads\/2026\/03\/Anne-vertical-1-683x1024.jpg\" alt=\"\" data-id=\"16924\" data-full-url=\"https:\/\/wagner-gestionprivee.fr\/wp-content\/uploads\/2026\/03\/Anne-vertical-1-scaled.jpg\" data-link=\"https:\/\/wagner-gestionprivee.fr\/?attachment_id=16924\" class=\"wp-image-16924\" srcset=\"https:\/\/wagner-gestionprivee.fr\/wp-content\/uploads\/2026\/03\/Anne-vertical-1-683x1024.jpg 683w, https:\/\/wagner-gestionprivee.fr\/wp-content\/uploads\/2026\/03\/Anne-vertical-1-200x300.jpg 200w, https:\/\/wagner-gestionprivee.fr\/wp-content\/uploads\/2026\/03\/Anne-vertical-1-768x1152.jpg 768w, https:\/\/wagner-gestionprivee.fr\/wp-content\/uploads\/2026\/03\/Anne-vertical-1-1024x1536.jpg 1024w, https:\/\/wagner-gestionprivee.fr\/wp-content\/uploads\/2026\/03\/Anne-vertical-1-1365x2048.jpg 1365w, https:\/\/wagner-gestionprivee.fr\/wp-content\/uploads\/2026\/03\/Anne-vertical-1-scaled.jpg 1707w\" sizes=\"auto, (max-width: 683px) 100vw, 683px\" \/><\/figure><\/li><\/ul><\/figure>\n\n\n\n<p><\/p>\n<\/div>\n\n\n\n<div class=\"wp-block-column is-layout-flow wp-block-column-is-layout-flow\">\n<h3 class=\"wp-block-heading\">Anne SALOMON<\/h3>\n\n\n\n<p><\/p>\n\n\n\n<div class=\"profil-linkedin-button\">\n\t<div class=\"icon-wrap parallax-wrap\">\n\t\t<a href=\"https:\/\/www.linkedin.com\/in\/anne-salomon-878457293\/\" target=\"_blank\" class=\"button-icon parallax-element\" rel=\"noopener noreferrer\">\n\t\t\t<svg class=\"parallax-element\" width=\"24\" height=\"24\" viewBox=\"0 0 24 24\" fill=\"#fff\"><path d=\"M4.98 3.5c0 1.381-1.11 2.5-2.48 2.5s-2.48-1.119-2.48-2.5c0-1.38 1.11-2.5 2.48-2.5s2.48 1.12 2.48 2.5zm.02 4.5h-5v16h5v-16zm7.982 0h-4.968v16h4.969v-8.399c0-4.67 6.029-5.052 6.029 0v8.399h4.988v-10.131c0-7.88-8.922-7.593-11.018-3.714v-2.155z\"><\/path><\/svg>\n\t\t<\/a>\n\t<\/div>\n<\/div>\n\n\n\n<p><strong>Responsable Back Office et conformit\u00e9<\/strong><\/p>\n\n\n\n<p>12 ans d&rsquo;exp\u00e9rience en gestion locative<\/p>\n\n\n\n<p>8 ans d&rsquo;exp\u00e9rience en Marketing<\/p>\n<\/div>\n\n\n\n<div class=\"wp-block-column is-layout-flow wp-block-column-is-layout-flow\"><\/div>\n<\/div>\n<\/div><\/div>\n\n\n\n<div style=\"height:100px\" aria-hidden=\"true\" class=\"wp-block-spacer\"><\/div>\n\n\n\n<div class=\"wp-block-group is-layout-flow wp-block-group-is-layout-flow\"><div class=\"wp-block-group__inner-container\"><\/div><\/div>\n\n\n\n<div class=\"wp-block-hervin-gutenberg-container background-content-wrapper\" style=\"background-color:transparent;text-align:left\">\n<div class=\"wp-block-hervin-gutenberg-container absolute-background full\" style=\"background-color:transparent;text-align:left\">\n<div class=\"wp-block-cover has-background-dim\"><video class=\"wp-block-cover__video-background\" autoplay muted loop src=\"https:\/\/wagner-gestionprivee.fr\/wp-content\/uploads\/2020\/01\/Turntable-14054.mp4\"><\/video><div class=\"wp-block-cover__inner-container is-layout-flow wp-block-cover-is-layout-flow\">\n<p class=\"has-text-align-center has-large-font-size\"><\/p>\n<\/div><\/div>\n<\/div>\n\n\n\n<div class=\"wp-block-hervin-gutenberg-container overlay-content small\" style=\"background-color:transparent;text-align:left\">\n<h2 class=\"has-text-align-center has-highlight-mark wp-block-heading\" id=\"charte\"><strong>Notre charte<\/strong><\/h2>\n\n\n\n<h4 class=\"has-text-align-center wp-block-heading\">\u00c0 vos c\u00f4t\u00e9s, le cabinet Wagner Gestion Priv\u00e9e s\u2019engage \u00e0 : <\/h4>\n\n\n\n<ul class=\"wp-block-list\"><li> Respecter <strong>les dispositions r\u00e9glementaires et la d\u00e9ontologie<\/strong>, tant \u00e0 votre \u00e9gard qu\u2019\u00e0 celui de son environnement professionnel<\/li><li>Agir avec loyaut\u00e9, comp\u00e9tence et diligence<strong> au mieux de vos int\u00e9r\u00eats<\/strong><\/li><li>Maintenir en permanence <strong>ses connaissances et ses comp\u00e9tences <\/strong>au niveau requis par l&rsquo;\u00e9volution des techniques et du contexte \u00e9conomique et r\u00e9glementaire<\/li><li>S&rsquo;enqu\u00e9rir de votre situation, de votre exp\u00e9rience et de vos objectifs, afin d\u2019avoir une <strong>approche patrimoniale globale <\/strong>avant de formuler un conseil <\/li><li>Avoir recours \u00e0 d&rsquo;autres professionnels quand <strong>votre int\u00e9r\u00eat<\/strong> l&rsquo;exige <\/li><li>Communiquer de mani\u00e8re appropri\u00e9e les informations utiles \u00e0 votre prise de d\u00e9cision, ainsi que celles concernant les <strong>modalit\u00e9s de sa r\u00e9mun\u00e9ration<\/strong><\/li><li>Respecter <strong>le secret professionnel<\/strong><\/li><li>S&rsquo;interdire de recevoir des fonds de votre part <strong>en dehors des honoraires<\/strong> qui lui sont dus <\/li><\/ul>\n<\/div>\n<\/div>\n","protected":false},"excerpt":{"rendered":"<p>Notre \u00e9quipe Jacques MARECHAL Associ\u00e9Conseil en Strat\u00e9gie Patrimoniale Executive Master Patrimoine Professionnel et Gestion Priv\u00e9e (Universit\u00e9 Paris Dauphine)Dipl\u00f4me d\u2019Expertise-comptable 15 ans d\u2019exp\u00e9rience en expertise-comptable &amp; 11 ans en qualit\u00e9 de conseiller financier. Gianny CACHOD Associ\u00e9Conseil en Strat\u00e9gie Patrimoniale DU II Gestion de Patrimoine (Universit\u00e9 d\u2019Auvergne)D.U. Ing\u00e9nierie Patrimoniale du Chef d\u2019Entreprise (AUREP)20 ans d\u2019exp\u00e9rience dans le [&hellip;]<\/p>\n","protected":false},"author":3,"featured_media":0,"parent":0,"menu_order":0,"comment_status":"closed","ping_status":"open","template":"","meta":{"footnotes":""},"class_list":["post-300","page","type-page","status-publish","hentry"],"yoast_head":"<!-- This site is optimized with the Yoast SEO plugin v27.4 - https:\/\/yoast.com\/product\/yoast-seo-wordpress\/ -->\n<title>Le Cabinet - Wagner Gestion Priv\u00e9e<\/title>\n<meta name=\"robots\" content=\"index, follow, max-snippet:-1, max-image-preview:large, max-video-preview:-1\" \/>\n<link rel=\"canonical\" href=\"https:\/\/wagner-gestionprivee.fr\/?page_id=300\" \/>\n<meta property=\"og:locale\" content=\"fr_FR\" \/>\n<meta property=\"og:type\" content=\"article\" \/>\n<meta property=\"og:title\" content=\"Le Cabinet - Wagner Gestion Priv\u00e9e\" \/>\n<meta property=\"og:description\" content=\"Notre \u00e9quipe Jacques MARECHAL Associ\u00e9Conseil en Strat\u00e9gie Patrimoniale Executive Master Patrimoine Professionnel et Gestion Priv\u00e9e (Universit\u00e9 Paris Dauphine)Dipl\u00f4me d\u2019Expertise-comptable 15 ans d\u2019exp\u00e9rience en expertise-comptable &amp; 11 ans en qualit\u00e9 de conseiller financier. Gianny CACHOD Associ\u00e9Conseil en Strat\u00e9gie Patrimoniale DU II Gestion de Patrimoine (Universit\u00e9 d\u2019Auvergne)D.U. Ing\u00e9nierie Patrimoniale du Chef d\u2019Entreprise (AUREP)20 ans d\u2019exp\u00e9rience dans le [&hellip;]\" \/>\n<meta property=\"og:url\" content=\"https:\/\/wagner-gestionprivee.fr\/?page_id=300\" \/>\n<meta property=\"og:site_name\" content=\"Wagner Gestion Priv\u00e9e\" \/>\n<meta property=\"article:modified_time\" content=\"2026-03-27T11:40:48+00:00\" \/>\n<meta property=\"og:image\" content=\"https:\/\/wagner-gestionprivee.fr\/wp-content\/uploads\/2026\/03\/DSCF0661-683x1024.jpg\" \/>\n<meta name=\"twitter:card\" content=\"summary_large_image\" \/>\n<meta name=\"twitter:label1\" content=\"Dur\u00e9e de lecture estim\u00e9e\" \/>\n\t<meta name=\"twitter:data1\" content=\"2 minutes\" \/>\n<script type=\"application\/ld+json\" class=\"yoast-schema-graph\">{\"@context\":\"https:\\\/\\\/schema.org\",\"@graph\":[{\"@type\":\"WebPage\",\"@id\":\"https:\\\/\\\/wagner-gestionprivee.fr\\\/?page_id=300\",\"url\":\"https:\\\/\\\/wagner-gestionprivee.fr\\\/?page_id=300\",\"name\":\"Le Cabinet - Wagner Gestion Priv\u00e9e\",\"isPartOf\":{\"@id\":\"https:\\\/\\\/wagner-gestionprivee.fr\\\/#website\"},\"primaryImageOfPage\":{\"@id\":\"https:\\\/\\\/wagner-gestionprivee.fr\\\/?page_id=300#primaryimage\"},\"image\":{\"@id\":\"https:\\\/\\\/wagner-gestionprivee.fr\\\/?page_id=300#primaryimage\"},\"thumbnailUrl\":\"https:\\\/\\\/wagner-gestionprivee.fr\\\/wp-content\\\/uploads\\\/2026\\\/03\\\/DSCF0661-683x1024.jpg\",\"datePublished\":\"2020-01-20T18:41:47+00:00\",\"dateModified\":\"2026-03-27T11:40:48+00:00\",\"breadcrumb\":{\"@id\":\"https:\\\/\\\/wagner-gestionprivee.fr\\\/?page_id=300#breadcrumb\"},\"inLanguage\":\"fr-FR\",\"potentialAction\":[{\"@type\":\"ReadAction\",\"target\":[\"https:\\\/\\\/wagner-gestionprivee.fr\\\/?page_id=300\"]}]},{\"@type\":\"ImageObject\",\"inLanguage\":\"fr-FR\",\"@id\":\"https:\\\/\\\/wagner-gestionprivee.fr\\\/?page_id=300#primaryimage\",\"url\":\"https:\\\/\\\/wagner-gestionprivee.fr\\\/wp-content\\\/uploads\\\/2026\\\/03\\\/DSCF0661-scaled.jpg\",\"contentUrl\":\"https:\\\/\\\/wagner-gestionprivee.fr\\\/wp-content\\\/uploads\\\/2026\\\/03\\\/DSCF0661-scaled.jpg\",\"width\":1707,\"height\":2560},{\"@type\":\"BreadcrumbList\",\"@id\":\"https:\\\/\\\/wagner-gestionprivee.fr\\\/?page_id=300#breadcrumb\",\"itemListElement\":[{\"@type\":\"ListItem\",\"position\":1,\"name\":\"Home\",\"item\":\"https:\\\/\\\/wagner-gestionprivee.fr\\\/\"},{\"@type\":\"ListItem\",\"position\":2,\"name\":\"Le Cabinet\"}]},{\"@type\":\"WebSite\",\"@id\":\"https:\\\/\\\/wagner-gestionprivee.fr\\\/#website\",\"url\":\"https:\\\/\\\/wagner-gestionprivee.fr\\\/\",\"name\":\"Wagner Gestion Priv\u00e9e\",\"description\":\"Orchestrateur de patrimoine dans le Grand Est\",\"potentialAction\":[{\"@type\":\"SearchAction\",\"target\":{\"@type\":\"EntryPoint\",\"urlTemplate\":\"https:\\\/\\\/wagner-gestionprivee.fr\\\/?s={search_term_string}\"},\"query-input\":{\"@type\":\"PropertyValueSpecification\",\"valueRequired\":true,\"valueName\":\"search_term_string\"}}],\"inLanguage\":\"fr-FR\"}]}<\/script>\n<!-- \/ Yoast SEO plugin. -->","yoast_head_json":{"title":"Le Cabinet - Wagner Gestion Priv\u00e9e","robots":{"index":"index","follow":"follow","max-snippet":"max-snippet:-1","max-image-preview":"max-image-preview:large","max-video-preview":"max-video-preview:-1"},"canonical":"https:\/\/wagner-gestionprivee.fr\/?page_id=300","og_locale":"fr_FR","og_type":"article","og_title":"Le Cabinet - Wagner Gestion Priv\u00e9e","og_description":"Notre \u00e9quipe Jacques MARECHAL Associ\u00e9Conseil en Strat\u00e9gie Patrimoniale Executive Master Patrimoine Professionnel et Gestion Priv\u00e9e (Universit\u00e9 Paris Dauphine)Dipl\u00f4me d\u2019Expertise-comptable 15 ans d\u2019exp\u00e9rience en expertise-comptable &amp; 11 ans en qualit\u00e9 de conseiller financier. Gianny CACHOD Associ\u00e9Conseil en Strat\u00e9gie Patrimoniale DU II Gestion de Patrimoine (Universit\u00e9 d\u2019Auvergne)D.U. Ing\u00e9nierie Patrimoniale du Chef d\u2019Entreprise (AUREP)20 ans d\u2019exp\u00e9rience dans le [&hellip;]","og_url":"https:\/\/wagner-gestionprivee.fr\/?page_id=300","og_site_name":"Wagner Gestion Priv\u00e9e","article_modified_time":"2026-03-27T11:40:48+00:00","og_image":[{"url":"https:\/\/wagner-gestionprivee.fr\/wp-content\/uploads\/2026\/03\/DSCF0661-683x1024.jpg","type":"","width":"","height":""}],"twitter_card":"summary_large_image","twitter_misc":{"Dur\u00e9e de lecture estim\u00e9e":"2 minutes"},"schema":{"@context":"https:\/\/schema.org","@graph":[{"@type":"WebPage","@id":"https:\/\/wagner-gestionprivee.fr\/?page_id=300","url":"https:\/\/wagner-gestionprivee.fr\/?page_id=300","name":"Le Cabinet - Wagner Gestion Priv\u00e9e","isPartOf":{"@id":"https:\/\/wagner-gestionprivee.fr\/#website"},"primaryImageOfPage":{"@id":"https:\/\/wagner-gestionprivee.fr\/?page_id=300#primaryimage"},"image":{"@id":"https:\/\/wagner-gestionprivee.fr\/?page_id=300#primaryimage"},"thumbnailUrl":"https:\/\/wagner-gestionprivee.fr\/wp-content\/uploads\/2026\/03\/DSCF0661-683x1024.jpg","datePublished":"2020-01-20T18:41:47+00:00","dateModified":"2026-03-27T11:40:48+00:00","breadcrumb":{"@id":"https:\/\/wagner-gestionprivee.fr\/?page_id=300#breadcrumb"},"inLanguage":"fr-FR","potentialAction":[{"@type":"ReadAction","target":["https:\/\/wagner-gestionprivee.fr\/?page_id=300"]}]},{"@type":"ImageObject","inLanguage":"fr-FR","@id":"https:\/\/wagner-gestionprivee.fr\/?page_id=300#primaryimage","url":"https:\/\/wagner-gestionprivee.fr\/wp-content\/uploads\/2026\/03\/DSCF0661-scaled.jpg","contentUrl":"https:\/\/wagner-gestionprivee.fr\/wp-content\/uploads\/2026\/03\/DSCF0661-scaled.jpg","width":1707,"height":2560},{"@type":"BreadcrumbList","@id":"https:\/\/wagner-gestionprivee.fr\/?page_id=300#breadcrumb","itemListElement":[{"@type":"ListItem","position":1,"name":"Home","item":"https:\/\/wagner-gestionprivee.fr\/"},{"@type":"ListItem","position":2,"name":"Le Cabinet"}]},{"@type":"WebSite","@id":"https:\/\/wagner-gestionprivee.fr\/#website","url":"https:\/\/wagner-gestionprivee.fr\/","name":"Wagner Gestion Priv\u00e9e","description":"Orchestrateur de patrimoine dans le Grand Est","potentialAction":[{"@type":"SearchAction","target":{"@type":"EntryPoint","urlTemplate":"https:\/\/wagner-gestionprivee.fr\/?s={search_term_string}"},"query-input":{"@type":"PropertyValueSpecification","valueRequired":true,"valueName":"search_term_string"}}],"inLanguage":"fr-FR"}]}},"_links":{"self":[{"href":"https:\/\/wagner-gestionprivee.fr\/index.php?rest_route=\/wp\/v2\/pages\/300","targetHints":{"allow":["GET"]}}],"collection":[{"href":"https:\/\/wagner-gestionprivee.fr\/index.php?rest_route=\/wp\/v2\/pages"}],"about":[{"href":"https:\/\/wagner-gestionprivee.fr\/index.php?rest_route=\/wp\/v2\/types\/page"}],"author":[{"embeddable":true,"href":"https:\/\/wagner-gestionprivee.fr\/index.php?rest_route=\/wp\/v2\/users\/3"}],"replies":[{"embeddable":true,"href":"https:\/\/wagner-gestionprivee.fr\/index.php?rest_route=%2Fwp%2Fv2%2Fcomments&post=300"}],"version-history":[{"count":36,"href":"https:\/\/wagner-gestionprivee.fr\/index.php?rest_route=\/wp\/v2\/pages\/300\/revisions"}],"predecessor-version":[{"id":16933,"href":"https:\/\/wagner-gestionprivee.fr\/index.php?rest_route=\/wp\/v2\/pages\/300\/revisions\/16933"}],"wp:attachment":[{"href":"https:\/\/wagner-gestionprivee.fr\/index.php?rest_route=%2Fwp%2Fv2%2Fmedia&parent=300"}],"curies":[{"name":"wp","href":"https:\/\/api.w.org\/{rel}","templated":true}]}}