{"id":475,"date":"2020-01-22T12:43:16","date_gmt":"2020-01-22T11:43:16","guid":{"rendered":"https:\/\/wagner-gestionprivee.fr\/?page_id=475"},"modified":"2020-01-30T12:38:56","modified_gmt":"2020-01-30T11:38:56","slug":"notre-metier","status":"publish","type":"page","link":"https:\/\/wagner-gestionprivee.fr\/?page_id=475","title":{"rendered":"Notre m\u00e9tier"},"content":{"rendered":"\n<div class=\"wp-block-hervin-gutenberg-container row_padding_top has-parallax\" style=\"background-color:transparent;text-align:left\">\n<div class=\"wp-block-hervin-gutenberg-container center\" style=\"background-color:transparent;text-align:center\">\n<h3 class=\"has-text-align-center has-mask has-animation wp-block-heading\">\u00c0 la crois\u00e9e des mondes juridique, fiscal et \u00e9conomique, l\u2019organisation patrimoniale repose sur une orchestration fine d\u2019instruments vari\u00e9s :  <\/h3>\n\n\n\n<h4 class=\"has-text-align-center wp-block-heading\">r\u00e9gimes matrimoniaux, droit successoral, fiscalit\u00e9,  finance, immobilier, assurance, pr\u00e9voyance, organisation soci\u00e9taire &amp; transmission, d\u00e9membrement de propri\u00e9t\u00e9&#8230;<\/h4>\n\n\n\n<p><\/p>\n<\/div>\n\n\n\n<p><\/p>\n<\/div>\n\n\n\n<div class=\"wp-block-hervin-gutenberg-container row_padding_top row_padding_bottom\" style=\"background-color:transparent;text-align:left\">\n<div class=\"wp-block-hervin-gutenberg-container\" style=\"background-color:transparent;text-align:center\">\n<div class=\"video-wrapper\">\n<figure class=\"wp-block-image size-large is-resized video-wrapper--image\"><img loading=\"lazy\" decoding=\"async\" src=\"https:\/\/wagner-gestionprivee.fr\/wp-content\/uploads\/2020\/01\/video-wrapper-1024x671.png\" alt=\"\" class=\"wp-image-483\" width=\"1024\" height=\"671\" srcset=\"https:\/\/wagner-gestionprivee.fr\/wp-content\/uploads\/2020\/01\/video-wrapper-1024x671.png 1024w, https:\/\/wagner-gestionprivee.fr\/wp-content\/uploads\/2020\/01\/video-wrapper-300x197.png 300w, https:\/\/wagner-gestionprivee.fr\/wp-content\/uploads\/2020\/01\/video-wrapper-768x503.png 768w, https:\/\/wagner-gestionprivee.fr\/wp-content\/uploads\/2020\/01\/video-wrapper.png 1440w\" sizes=\"auto, (max-width: 1024px) 100vw, 1024px\" \/>\n<figure class=\"wp-block-embed-youtube wp-block-embed is-type-video is-provider-youtube yt-video wp-embed-aspect-4-3 wp-has-aspect-ratio wp-embed-aspect-16-9\"><div class=\"wp-block-embed__wrapper\">\n<img decoding=\"async\" src=\"https:\/\/wagner-gestionprivee.fr\/wp-content\/uploads\/2020\/01\/video-cover.jpg\" alt=\"\" class=\"video-cover\"><iframe id=\"videoYT\" src=\"https:\/\/www.youtube.com\/embed\/2p9VpVzBgOs?controls=0&amp;enablejsapi=1&amp;html5=1\" frameborder=\"0\" allow=\"accelerometer; autoplay; encrypted-media; gyroscope; picture-in-picture\" allowfullscreen=\"\"><\/iframe><\/div><\/figure>\n<\/figure>\n<\/div>\n\n\n<\/div>\n\n\n\n<p><\/p>\n<\/div>\n\n\n\n<h3 class=\"has-text-align-center wp-block-heading\"><strong>Notre m\u00e9tier de conseil s\u2019inscrit dans une approche sur mesure de votre patrimoine et de vos aspirations<\/strong>.<\/h3>\n\n\n\n<div class=\"wp-block-hervin-gutenberg-container full\" style=\"background-color:transparent;text-align:center\">\n<div class=\"wp-block-group\"><div class=\"wp-block-group__inner-container is-layout-flow wp-block-group-is-layout-flow\">\n<div class=\"wp-block-group\"><div class=\"wp-block-group__inner-container is-layout-flow wp-block-group-is-layout-flow\">\n<div class=\"button-box has-animation\" data-delay=\"100\"><div class=\"clapat-button-wrap parallax-wrap hide-ball\"><a class=\"clapat-button parallax-element ajax-link animation-link\" href=\"\/notre-approche\" data-type=\"page-transition\" target=\"_self\"><div class=\"button-border parallax-element-second rounded\"><span data-hover=\"Notre partition\">Notre partition<\/span><\/div><\/a><\/div><\/div>\n<\/div><\/div>\n<\/div><\/div>\n<\/div>\n","protected":false},"excerpt":{"rendered":"<p>Notre m\u00e9tier de conseil s\u2019inscrit dans une approche sur mesure de votre patrimoine et de vos aspirations.<\/p>\n","protected":false},"author":1,"featured_media":0,"parent":0,"menu_order":0,"comment_status":"closed","ping_status":"open","template":"","meta":{"footnotes":""},"class_list":["post-475","page","type-page","status-publish","hentry"],"yoast_head":"<!-- This site is optimized with the Yoast SEO plugin v27.4 - https:\/\/yoast.com\/product\/yoast-seo-wordpress\/ -->\n<title>Notre m\u00e9tier - Wagner Gestion Priv\u00e9e<\/title>\n<meta name=\"robots\" content=\"index, follow, max-snippet:-1, max-image-preview:large, max-video-preview:-1\" \/>\n<link rel=\"canonical\" href=\"https:\/\/wagner-gestionprivee.fr\/?page_id=475\" \/>\n<meta property=\"og:locale\" content=\"fr_FR\" \/>\n<meta property=\"og:type\" content=\"article\" \/>\n<meta property=\"og:title\" content=\"Notre m\u00e9tier - Wagner Gestion Priv\u00e9e\" \/>\n<meta property=\"og:description\" content=\"Notre m\u00e9tier de conseil s\u2019inscrit dans une approche sur mesure de votre patrimoine et de vos aspirations.\" \/>\n<meta property=\"og:url\" content=\"https:\/\/wagner-gestionprivee.fr\/?page_id=475\" \/>\n<meta property=\"og:site_name\" content=\"Wagner Gestion Priv\u00e9e\" \/>\n<meta property=\"article:modified_time\" content=\"2020-01-30T11:38:56+00:00\" \/>\n<meta property=\"og:image\" content=\"https:\/\/wagner-gestionprivee.fr\/wp-content\/uploads\/2020\/01\/video-wrapper.png\" \/>\n\t<meta property=\"og:image:width\" content=\"1440\" \/>\n\t<meta property=\"og:image:height\" content=\"944\" \/>\n\t<meta property=\"og:image:type\" content=\"image\/png\" \/>\n<meta name=\"twitter:card\" content=\"summary_large_image\" \/>\n<script type=\"application\/ld+json\" class=\"yoast-schema-graph\">{\"@context\":\"https:\\\/\\\/schema.org\",\"@graph\":[{\"@type\":\"WebPage\",\"@id\":\"https:\\\/\\\/wagner-gestionprivee.fr\\\/?page_id=475\",\"url\":\"https:\\\/\\\/wagner-gestionprivee.fr\\\/?page_id=475\",\"name\":\"Notre m\u00e9tier - Wagner Gestion Priv\u00e9e\",\"isPartOf\":{\"@id\":\"https:\\\/\\\/wagner-gestionprivee.fr\\\/#website\"},\"primaryImageOfPage\":{\"@id\":\"https:\\\/\\\/wagner-gestionprivee.fr\\\/?page_id=475#primaryimage\"},\"image\":{\"@id\":\"https:\\\/\\\/wagner-gestionprivee.fr\\\/?page_id=475#primaryimage\"},\"thumbnailUrl\":\"https:\\\/\\\/wagner-gestionprivee.fr\\\/wp-content\\\/uploads\\\/2020\\\/01\\\/video-wrapper-1024x671.png\",\"datePublished\":\"2020-01-22T11:43:16+00:00\",\"dateModified\":\"2020-01-30T11:38:56+00:00\",\"breadcrumb\":{\"@id\":\"https:\\\/\\\/wagner-gestionprivee.fr\\\/?page_id=475#breadcrumb\"},\"inLanguage\":\"fr-FR\",\"potentialAction\":[{\"@type\":\"ReadAction\",\"target\":[\"https:\\\/\\\/wagner-gestionprivee.fr\\\/?page_id=475\"]}]},{\"@type\":\"ImageObject\",\"inLanguage\":\"fr-FR\",\"@id\":\"https:\\\/\\\/wagner-gestionprivee.fr\\\/?page_id=475#primaryimage\",\"url\":\"https:\\\/\\\/wagner-gestionprivee.fr\\\/wp-content\\\/uploads\\\/2020\\\/01\\\/video-wrapper.png\",\"contentUrl\":\"https:\\\/\\\/wagner-gestionprivee.fr\\\/wp-content\\\/uploads\\\/2020\\\/01\\\/video-wrapper.png\",\"width\":1440,\"height\":944},{\"@type\":\"BreadcrumbList\",\"@id\":\"https:\\\/\\\/wagner-gestionprivee.fr\\\/?page_id=475#breadcrumb\",\"itemListElement\":[{\"@type\":\"ListItem\",\"position\":1,\"name\":\"Home\",\"item\":\"https:\\\/\\\/wagner-gestionprivee.fr\\\/\"},{\"@type\":\"ListItem\",\"position\":2,\"name\":\"Notre m\u00e9tier\"}]},{\"@type\":\"WebSite\",\"@id\":\"https:\\\/\\\/wagner-gestionprivee.fr\\\/#website\",\"url\":\"https:\\\/\\\/wagner-gestionprivee.fr\\\/\",\"name\":\"Wagner Gestion Priv\u00e9e\",\"description\":\"Orchestrateur de patrimoine dans le Grand Est\",\"potentialAction\":[{\"@type\":\"SearchAction\",\"target\":{\"@type\":\"EntryPoint\",\"urlTemplate\":\"https:\\\/\\\/wagner-gestionprivee.fr\\\/?s={search_term_string}\"},\"query-input\":{\"@type\":\"PropertyValueSpecification\",\"valueRequired\":true,\"valueName\":\"search_term_string\"}}],\"inLanguage\":\"fr-FR\"}]}<\/script>\n<!-- \/ Yoast SEO plugin. -->","yoast_head_json":{"title":"Notre m\u00e9tier - Wagner Gestion Priv\u00e9e","robots":{"index":"index","follow":"follow","max-snippet":"max-snippet:-1","max-image-preview":"max-image-preview:large","max-video-preview":"max-video-preview:-1"},"canonical":"https:\/\/wagner-gestionprivee.fr\/?page_id=475","og_locale":"fr_FR","og_type":"article","og_title":"Notre m\u00e9tier - Wagner Gestion Priv\u00e9e","og_description":"Notre m\u00e9tier de conseil s\u2019inscrit dans une approche sur mesure de votre patrimoine et de vos aspirations.","og_url":"https:\/\/wagner-gestionprivee.fr\/?page_id=475","og_site_name":"Wagner Gestion Priv\u00e9e","article_modified_time":"2020-01-30T11:38:56+00:00","og_image":[{"width":1440,"height":944,"url":"https:\/\/wagner-gestionprivee.fr\/wp-content\/uploads\/2020\/01\/video-wrapper.png","type":"image\/png"}],"twitter_card":"summary_large_image","schema":{"@context":"https:\/\/schema.org","@graph":[{"@type":"WebPage","@id":"https:\/\/wagner-gestionprivee.fr\/?page_id=475","url":"https:\/\/wagner-gestionprivee.fr\/?page_id=475","name":"Notre m\u00e9tier - Wagner Gestion Priv\u00e9e","isPartOf":{"@id":"https:\/\/wagner-gestionprivee.fr\/#website"},"primaryImageOfPage":{"@id":"https:\/\/wagner-gestionprivee.fr\/?page_id=475#primaryimage"},"image":{"@id":"https:\/\/wagner-gestionprivee.fr\/?page_id=475#primaryimage"},"thumbnailUrl":"https:\/\/wagner-gestionprivee.fr\/wp-content\/uploads\/2020\/01\/video-wrapper-1024x671.png","datePublished":"2020-01-22T11:43:16+00:00","dateModified":"2020-01-30T11:38:56+00:00","breadcrumb":{"@id":"https:\/\/wagner-gestionprivee.fr\/?page_id=475#breadcrumb"},"inLanguage":"fr-FR","potentialAction":[{"@type":"ReadAction","target":["https:\/\/wagner-gestionprivee.fr\/?page_id=475"]}]},{"@type":"ImageObject","inLanguage":"fr-FR","@id":"https:\/\/wagner-gestionprivee.fr\/?page_id=475#primaryimage","url":"https:\/\/wagner-gestionprivee.fr\/wp-content\/uploads\/2020\/01\/video-wrapper.png","contentUrl":"https:\/\/wagner-gestionprivee.fr\/wp-content\/uploads\/2020\/01\/video-wrapper.png","width":1440,"height":944},{"@type":"BreadcrumbList","@id":"https:\/\/wagner-gestionprivee.fr\/?page_id=475#breadcrumb","itemListElement":[{"@type":"ListItem","position":1,"name":"Home","item":"https:\/\/wagner-gestionprivee.fr\/"},{"@type":"ListItem","position":2,"name":"Notre m\u00e9tier"}]},{"@type":"WebSite","@id":"https:\/\/wagner-gestionprivee.fr\/#website","url":"https:\/\/wagner-gestionprivee.fr\/","name":"Wagner Gestion Priv\u00e9e","description":"Orchestrateur de patrimoine dans le Grand Est","potentialAction":[{"@type":"SearchAction","target":{"@type":"EntryPoint","urlTemplate":"https:\/\/wagner-gestionprivee.fr\/?s={search_term_string}"},"query-input":{"@type":"PropertyValueSpecification","valueRequired":true,"valueName":"search_term_string"}}],"inLanguage":"fr-FR"}]}},"_links":{"self":[{"href":"https:\/\/wagner-gestionprivee.fr\/index.php?rest_route=\/wp\/v2\/pages\/475","targetHints":{"allow":["GET"]}}],"collection":[{"href":"https:\/\/wagner-gestionprivee.fr\/index.php?rest_route=\/wp\/v2\/pages"}],"about":[{"href":"https:\/\/wagner-gestionprivee.fr\/index.php?rest_route=\/wp\/v2\/types\/page"}],"author":[{"embeddable":true,"href":"https:\/\/wagner-gestionprivee.fr\/index.php?rest_route=\/wp\/v2\/users\/1"}],"replies":[{"embeddable":true,"href":"https:\/\/wagner-gestionprivee.fr\/index.php?rest_route=%2Fwp%2Fv2%2Fcomments&post=475"}],"version-history":[{"count":3,"href":"https:\/\/wagner-gestionprivee.fr\/index.php?rest_route=\/wp\/v2\/pages\/475\/revisions"}],"predecessor-version":[{"id":1010,"href":"https:\/\/wagner-gestionprivee.fr\/index.php?rest_route=\/wp\/v2\/pages\/475\/revisions\/1010"}],"wp:attachment":[{"href":"https:\/\/wagner-gestionprivee.fr\/index.php?rest_route=%2Fwp%2Fv2%2Fmedia&parent=475"}],"curies":[{"name":"wp","href":"https:\/\/api.w.org\/{rel}","templated":true}]}}